{"id":334,"date":"2024-12-04T10:08:30","date_gmt":"2024-12-04T10:08:30","guid":{"rendered":"https:\/\/frustorm.local\/?page_id=334"},"modified":"2024-12-05T15:38:42","modified_gmt":"2024-12-05T15:38:42","slug":"kurser-workshops","status":"publish","type":"page","link":"https:\/\/frustorm.se\/index.php\/kurser-workshops\/","title":{"rendered":"Kurser &#038; Workshops"},"content":{"rendered":"\t\t<div data-elementor-type=\"wp-page\" data-elementor-id=\"334\" class=\"elementor elementor-334\" data-elementor-post-type=\"page\">\n\t\t\t\t<div class=\"elementor-element elementor-element-2d2fe1b e-flex e-con-boxed e-con e-parent\" data-id=\"2d2fe1b\" data-element_type=\"container\" data-e-type=\"container\">\n\t\t\t\t\t<div class=\"e-con-inner\">\n\t\t\t\t<div class=\"elementor-element elementor-element-804a3d7 elementor-widget elementor-widget-heading\" data-id=\"804a3d7\" data-element_type=\"widget\" data-e-type=\"widget\" data-widget_type=\"heading.default\">\n\t\t\t\t<div class=\"elementor-widget-container\">\n\t\t\t\t\t<h2 class=\"elementor-heading-title elementor-size-default\">Kommande Prova-p\u00e5-kurser<\/h2>\t\t\t\t<\/div>\n\t\t\t\t<\/div>\n\t\t\t\t<div class=\"elementor-element elementor-element-cab510e elementor-widget elementor-widget-heading\" data-id=\"cab510e\" data-element_type=\"widget\" data-e-type=\"widget\" data-widget_type=\"heading.default\">\n\t\t\t\t<div class=\"elementor-widget-container\">\n\t\t\t\t\t<h2 class=\"elementor-heading-title elementor-size-default\">2025<\/h2>\t\t\t\t<\/div>\n\t\t\t\t<\/div>\n\t\t\t\t\t<\/div>\n\t\t\t\t<\/div>\n\t\t<div class=\"elementor-element elementor-element-f4b4626 e-flex e-con-boxed e-con e-parent\" data-id=\"f4b4626\" data-element_type=\"container\" data-e-type=\"container\">\n\t\t\t\t\t<div class=\"e-con-inner\">\n\t\t\t\t<div class=\"elementor-element elementor-element-3c200e4 elementor-widget elementor-widget-text-editor\" data-id=\"3c200e4\" data-element_type=\"widget\" data-e-type=\"widget\" data-widget_type=\"text-editor.default\">\n\t\t\t\t<div class=\"elementor-widget-container\">\n\t\t\t\t\t\t\t\t\tF\u00f6r fr\u00e5gor eller bokningar kontakta via telefon eller meddelande p\u00e5 <a href=\"tel:+46738096991\">0763-271363<\/a>, eller Instagram p\u00e5 <a href=\"https:\/\/www.instagram.com\/frustorm_\/\">@frustorm_<\/a>\t\t\t\t\t\t\t\t<\/div>\n\t\t\t\t<\/div>\n\t\t\t\t<div class=\"elementor-element elementor-element-0707ba9 elementor-widget-divider--view-line elementor-widget elementor-widget-divider\" data-id=\"0707ba9\" data-element_type=\"widget\" data-e-type=\"widget\" data-widget_type=\"divider.default\">\n\t\t\t\t<div class=\"elementor-widget-container\">\n\t\t\t\t\t\t\t<div class=\"elementor-divider\">\n\t\t\t<span class=\"elementor-divider-separator\">\n\t\t\t\t\t\t<\/span>\n\t\t<\/div>\n\t\t\t\t\t\t<\/div>\n\t\t\t\t<\/div>\n\t\t\t\t\t<\/div>\n\t\t\t\t<\/div>\n\t\t<div class=\"elementor-element elementor-element-b3ca605 e-flex e-con-boxed e-con e-parent\" data-id=\"b3ca605\" data-element_type=\"container\" data-e-type=\"container\">\n\t\t\t\t\t<div class=\"e-con-inner\">\n\t\t<div class=\"elementor-element elementor-element-93c3afd e-con-full e-flex e-con e-child\" data-id=\"93c3afd\" data-element_type=\"container\" data-e-type=\"container\">\n\t\t\t\t<div class=\"elementor-element elementor-element-983dde2 elementor-widget elementor-widget-heading\" data-id=\"983dde2\" data-element_type=\"widget\" data-e-type=\"widget\" data-widget_type=\"heading.default\">\n\t\t\t\t<div class=\"elementor-widget-container\">\n\t\t\t\t\t<h2 class=\"elementor-heading-title elementor-size-default\">25 Januari<\/h2>\t\t\t\t<\/div>\n\t\t\t\t<\/div>\n\t\t\t\t<div class=\"elementor-element elementor-element-17860fb elementor-widget elementor-widget-text-editor\" data-id=\"17860fb\" data-element_type=\"widget\" data-e-type=\"widget\" data-widget_type=\"text-editor.default\">\n\t\t\t\t<div class=\"elementor-widget-container\">\n\t\t\t\t\t\t\t\t\t<p>Tarotl\u00e4sning kl. 13.00-14:30<\/p><p>Kaffel\u00e4sning kl. 15.00-16:30<\/p><p>300 kr\/kurs eller 500 kr\/b\u00e5da<\/p><p>L\u00e4tt fika ing\u00e5r (Obs. Meddela g\u00e4rna allergier).<\/p>\t\t\t\t\t\t\t\t<\/div>\n\t\t\t\t<\/div>\n\t\t\t\t<\/div>\n\t\t<div class=\"elementor-element elementor-element-439a54c e-con-full e-flex e-con e-child\" data-id=\"439a54c\" data-element_type=\"container\" data-e-type=\"container\">\n\t\t\t\t<div class=\"elementor-element elementor-element-5d792c4 elementor-widget elementor-widget-heading\" data-id=\"5d792c4\" data-element_type=\"widget\" data-e-type=\"widget\" data-widget_type=\"heading.default\">\n\t\t\t\t<div class=\"elementor-widget-container\">\n\t\t\t\t\t<h2 class=\"elementor-heading-title elementor-size-default\">Tarotkurs Intro<\/h2>\t\t\t\t<\/div>\n\t\t\t\t<\/div>\n\t\t\t\t<div class=\"elementor-element elementor-element-8ae9767 elementor-widget elementor-widget-text-editor\" data-id=\"8ae9767\" data-element_type=\"widget\" data-e-type=\"widget\" data-widget_type=\"text-editor.default\">\n\t\t\t\t<div class=\"elementor-widget-container\">\n\t\t\t\t\t\t\t\t\t<p>L\u00e4r dig tarotkortens grunder och tolka l\u00e4ggningar.<\/p><p>V\u00e4lkommen in i tarotkortens fantastiska v\u00e4rld!<\/p><p>Vi l\u00e4r oss grunderna samt olika metoder.<\/p><p><span style=\"font-size: 14px; color: var( --e-global-color-text ); text-align: var(--text-align);\">M\u00f6jlighet att k\u00f6pa tarotkortlek p\u00e5 plats finns.<\/span><\/p>\t\t\t\t\t\t\t\t<\/div>\n\t\t\t\t<\/div>\n\t\t\t\t<div class=\"elementor-element elementor-element-26d25a8 elementor-widget elementor-widget-heading\" data-id=\"26d25a8\" data-element_type=\"widget\" data-e-type=\"widget\" data-widget_type=\"heading.default\">\n\t\t\t\t<div class=\"elementor-widget-container\">\n\t\t\t\t\t<h2 class=\"elementor-heading-title elementor-size-default\">Kaffel\u00e4sning<\/h2>\t\t\t\t<\/div>\n\t\t\t\t<\/div>\n\t\t\t\t<div class=\"elementor-element elementor-element-92bddea elementor-widget elementor-widget-text-editor\" data-id=\"92bddea\" data-element_type=\"widget\" data-e-type=\"widget\" data-widget_type=\"text-editor.default\">\n\t\t\t\t<div class=\"elementor-widget-container\">\n\t\t\t\t\t\t\t\t\t<p>L\u00e4r dig tyda kaffesumpens mystik!<\/p><p>Vi l\u00e4r oss l\u00e4sa av och tyda symbolerna i denna ur\u00e5ldriga sp\u00e5metod!<\/p><p>L\u00e4tt fika ing\u00e5r (Obs. Meddela g\u00e4rna allergier).<\/p>\t\t\t\t\t\t\t\t<\/div>\n\t\t\t\t<\/div>\n\t\t\t\t<\/div>\n\t\t\t\t\t<\/div>\n\t\t\t\t<\/div>\n\t\t<div class=\"elementor-element elementor-element-ee93a7c e-flex e-con-boxed e-con e-parent\" data-id=\"ee93a7c\" data-element_type=\"container\" data-e-type=\"container\">\n\t\t\t\t\t<div class=\"e-con-inner\">\n\t\t\t\t<div class=\"elementor-element elementor-element-4a895c4 elementor-widget-divider--view-line elementor-widget elementor-widget-divider\" data-id=\"4a895c4\" data-element_type=\"widget\" data-e-type=\"widget\" data-widget_type=\"divider.default\">\n\t\t\t\t<div class=\"elementor-widget-container\">\n\t\t\t\t\t\t\t<div class=\"elementor-divider\">\n\t\t\t<span class=\"elementor-divider-separator\">\n\t\t\t\t\t\t<\/span>\n\t\t<\/div>\n\t\t\t\t\t\t<\/div>\n\t\t\t\t<\/div>\n\t\t\t\t\t<\/div>\n\t\t\t\t<\/div>\n\t\t<div class=\"elementor-element elementor-element-29859ad e-flex e-con-boxed e-con e-parent\" data-id=\"29859ad\" data-element_type=\"container\" data-e-type=\"container\">\n\t\t\t\t\t<div class=\"e-con-inner\">\n\t\t<div class=\"elementor-element elementor-element-79fb4b4 e-con-full e-flex e-con e-child\" data-id=\"79fb4b4\" data-element_type=\"container\" data-e-type=\"container\">\n\t\t\t\t<div class=\"elementor-element elementor-element-6dd31c7 elementor-widget elementor-widget-heading\" data-id=\"6dd31c7\" data-element_type=\"widget\" data-e-type=\"widget\" data-widget_type=\"heading.default\">\n\t\t\t\t<div class=\"elementor-widget-container\">\n\t\t\t\t\t<h2 class=\"elementor-heading-title elementor-size-default\">8 Februari<\/h2>\t\t\t\t<\/div>\n\t\t\t\t<\/div>\n\t\t\t\t<div class=\"elementor-element elementor-element-eb6c5ff elementor-widget elementor-widget-text-editor\" data-id=\"eb6c5ff\" data-element_type=\"widget\" data-e-type=\"widget\" data-widget_type=\"text-editor.default\">\n\t\t\t\t<div class=\"elementor-widget-container\">\n\t\t\t\t\t\t\t\t\t<p>Pendelintro kl. 13.00-14:00<\/p><p>Sp\u00e5 i spelkort kl. 14:30-15:30<\/p><p>Kiromantik kl. 16:00-17:00<\/p><p>200 kr\/kurs eller 500 kr\/b\u00e5da<\/p><p>L\u00e4tt fika ing\u00e5r (Obs. Meddela g\u00e4rna allergier).<\/p>\t\t\t\t\t\t\t\t<\/div>\n\t\t\t\t<\/div>\n\t\t\t\t<\/div>\n\t\t<div class=\"elementor-element elementor-element-9edbd43 e-con-full e-flex e-con e-child\" data-id=\"9edbd43\" data-element_type=\"container\" data-e-type=\"container\">\n\t\t\t\t<div class=\"elementor-element elementor-element-e667912 elementor-widget elementor-widget-heading\" data-id=\"e667912\" data-element_type=\"widget\" data-e-type=\"widget\" data-widget_type=\"heading.default\">\n\t\t\t\t<div class=\"elementor-widget-container\">\n\t\t\t\t\t<h2 class=\"elementor-heading-title elementor-size-default\">Prova p\u00e5 pendel<\/h2>\t\t\t\t<\/div>\n\t\t\t\t<\/div>\n\t\t\t\t<div class=\"elementor-element elementor-element-a9d1e3a elementor-widget elementor-widget-text-editor\" data-id=\"a9d1e3a\" data-element_type=\"widget\" data-e-type=\"widget\" data-widget_type=\"text-editor.default\">\n\t\t\t\t<div class=\"elementor-widget-container\">\n\t\t\t\t\t\t\t\t\t<p>Vi \u00e4ntrat pendelns v\u00e4rld och bekantar oss med dens f\u00f6rm\u00e5gor samt l\u00e4r oss tyda dens svar.<\/p>\t\t\t\t\t\t\t\t<\/div>\n\t\t\t\t<\/div>\n\t\t\t\t<div class=\"elementor-element elementor-element-28f3cec elementor-widget elementor-widget-heading\" data-id=\"28f3cec\" data-element_type=\"widget\" data-e-type=\"widget\" data-widget_type=\"heading.default\">\n\t\t\t\t<div class=\"elementor-widget-container\">\n\t\t\t\t\t<h2 class=\"elementor-heading-title elementor-size-default\">Prova p\u00e5 sia i spelkort<\/h2>\t\t\t\t<\/div>\n\t\t\t\t<\/div>\n\t\t\t\t<div class=\"elementor-element elementor-element-c97a289 elementor-widget elementor-widget-text-editor\" data-id=\"c97a289\" data-element_type=\"widget\" data-e-type=\"widget\" data-widget_type=\"text-editor.default\">\n\t\t\t\t<div class=\"elementor-widget-container\">\n\t\t\t\t\t\t\t\t\t<p>Vi l\u00e4r oss grunderna i gamla siarkonsten &#8211; att sp\u00e5 spelkort och dens olika metoder.<\/p>\t\t\t\t\t\t\t\t<\/div>\n\t\t\t\t<\/div>\n\t\t\t\t<div class=\"elementor-element elementor-element-23d7783 elementor-widget elementor-widget-heading\" data-id=\"23d7783\" data-element_type=\"widget\" data-e-type=\"widget\" data-widget_type=\"heading.default\">\n\t\t\t\t<div class=\"elementor-widget-container\">\n\t\t\t\t\t<h2 class=\"elementor-heading-title elementor-size-default\">Kiromantik-kurs<\/h2>\t\t\t\t<\/div>\n\t\t\t\t<\/div>\n\t\t\t\t<div class=\"elementor-element elementor-element-d49958b elementor-widget elementor-widget-text-editor\" data-id=\"d49958b\" data-element_type=\"widget\" data-e-type=\"widget\" data-widget_type=\"text-editor.default\">\n\t\t\t\t<div class=\"elementor-widget-container\">\n\t\t\t\t\t\t\t\t\t<p>L\u00e4r dig sp\u00e5 I h\u00e4nder!<br \/>Vi tar oss en n\u00e4rmre till p\u00e5 denna sp\u00e5domskonst som g\u00e5r l\u00e5ngt bak till v\u00e5ra f\u00f6rf\u00e4der!<\/p>\t\t\t\t\t\t\t\t<\/div>\n\t\t\t\t<\/div>\n\t\t\t\t<\/div>\n\t\t\t\t\t<\/div>\n\t\t\t\t<\/div>\n\t\t<div class=\"elementor-element elementor-element-18b9fcb e-flex e-con-boxed e-con e-parent\" data-id=\"18b9fcb\" data-element_type=\"container\" data-e-type=\"container\">\n\t\t\t\t\t<div class=\"e-con-inner\">\n\t\t\t\t<div class=\"elementor-element elementor-element-8adf160 elementor-widget-divider--view-line elementor-widget elementor-widget-divider\" data-id=\"8adf160\" data-element_type=\"widget\" data-e-type=\"widget\" data-widget_type=\"divider.default\">\n\t\t\t\t<div class=\"elementor-widget-container\">\n\t\t\t\t\t\t\t<div class=\"elementor-divider\">\n\t\t\t<span class=\"elementor-divider-separator\">\n\t\t\t\t\t\t<\/span>\n\t\t<\/div>\n\t\t\t\t\t\t<\/div>\n\t\t\t\t<\/div>\n\t\t\t\t\t<\/div>\n\t\t\t\t<\/div>\n\t\t<div class=\"elementor-element elementor-element-9d50d9e e-flex e-con-boxed e-con e-parent\" data-id=\"9d50d9e\" data-element_type=\"container\" data-e-type=\"container\">\n\t\t\t\t\t<div class=\"e-con-inner\">\n\t\t<div class=\"elementor-element elementor-element-b6558f5 e-con-full e-flex e-con e-child\" data-id=\"b6558f5\" data-element_type=\"container\" data-e-type=\"container\">\n\t\t\t\t<div class=\"elementor-element elementor-element-f3256bb elementor-widget elementor-widget-heading\" data-id=\"f3256bb\" data-element_type=\"widget\" data-e-type=\"widget\" data-widget_type=\"heading.default\">\n\t\t\t\t<div class=\"elementor-widget-container\">\n\t\t\t\t\t<h2 class=\"elementor-heading-title elementor-size-default\">22 Mars<\/h2>\t\t\t\t<\/div>\n\t\t\t\t<\/div>\n\t\t\t\t<div class=\"elementor-element elementor-element-c4b0eb0 elementor-widget elementor-widget-text-editor\" data-id=\"c4b0eb0\" data-element_type=\"widget\" data-e-type=\"widget\" data-widget_type=\"text-editor.default\">\n\t\t\t\t<div class=\"elementor-widget-container\">\n\t\t\t\t\t\t\t\t\t<p><span style=\"font-size: 14px; color: var( --e-global-color-text ); text-align: var(--text-align);\">kl. 13:00-15:30<\/span><\/p><p><span style=\"font-size: 14px; color: var( --e-global-color-text ); text-align: var(--text-align);\">500 kr<\/span><\/p><p>L\u00e4tt fika ing\u00e5r (Obs. Meddela g\u00e4rna allergier).<\/p>\t\t\t\t\t\t\t\t<\/div>\n\t\t\t\t<\/div>\n\t\t\t\t<\/div>\n\t\t<div class=\"elementor-element elementor-element-c17e11e e-con-full e-flex e-con e-child\" data-id=\"c17e11e\" data-element_type=\"container\" data-e-type=\"container\">\n\t\t\t\t<div class=\"elementor-element elementor-element-cc9f539 elementor-widget elementor-widget-heading\" data-id=\"cc9f539\" data-element_type=\"widget\" data-e-type=\"widget\" data-widget_type=\"heading.default\">\n\t\t\t\t<div class=\"elementor-widget-container\">\n\t\t\t\t\t<h2 class=\"elementor-heading-title elementor-size-default\">L\u00e4r dig l\u00e4gga en astrologisk karta<\/h2>\t\t\t\t<\/div>\n\t\t\t\t<\/div>\n\t\t\t\t<div class=\"elementor-element elementor-element-739a20f elementor-widget elementor-widget-text-editor\" data-id=\"739a20f\" data-element_type=\"widget\" data-e-type=\"widget\" data-widget_type=\"text-editor.default\">\n\t\t\t\t<div class=\"elementor-widget-container\">\n\t\t\t\t\t\t\t\t\t<p>Vi l\u00e4r oss l\u00e4gga en astrologisk karta genom datum och plats.<\/p><p>Vet man tid p\u00e5 dygn \u00f6kar precisionen kring t.ex. ascendent och dylikt, men det \u00e4r inget som \u00e4r ett m\u00e5ste.<\/p><p>Vi g\u00e5r igenom olika placeringar och deras inverkan p\u00e5 t.ex. k\u00e4rleksliv, karri\u00e4r, ekonomi och andra livs\u00f6den!<\/p>\t\t\t\t\t\t\t\t<\/div>\n\t\t\t\t<\/div>\n\t\t\t\t<\/div>\n\t\t\t\t\t<\/div>\n\t\t\t\t<\/div>\n\t\t<div class=\"elementor-element elementor-element-7b2c3a0 e-flex e-con-boxed e-con e-parent\" data-id=\"7b2c3a0\" data-element_type=\"container\" data-e-type=\"container\">\n\t\t\t\t\t<div class=\"e-con-inner\">\n\t\t\t\t<div class=\"elementor-element elementor-element-a9b55c2 elementor-widget-divider--view-line elementor-widget elementor-widget-divider\" data-id=\"a9b55c2\" data-element_type=\"widget\" data-e-type=\"widget\" data-widget_type=\"divider.default\">\n\t\t\t\t<div class=\"elementor-widget-container\">\n\t\t\t\t\t\t\t<div class=\"elementor-divider\">\n\t\t\t<span class=\"elementor-divider-separator\">\n\t\t\t\t\t\t<\/span>\n\t\t<\/div>\n\t\t\t\t\t\t<\/div>\n\t\t\t\t<\/div>\n\t\t\t\t\t<\/div>\n\t\t\t\t<\/div>\n\t\t<div class=\"elementor-element elementor-element-665a84a e-flex e-con-boxed e-con e-parent\" data-id=\"665a84a\" data-element_type=\"container\" data-e-type=\"container\">\n\t\t\t\t\t<div class=\"e-con-inner\">\n\t\t<div class=\"elementor-element elementor-element-a14739a e-con-full e-flex e-con e-child\" data-id=\"a14739a\" data-element_type=\"container\" data-e-type=\"container\">\n\t\t\t\t<div class=\"elementor-element elementor-element-1513d9a elementor-widget elementor-widget-heading\" data-id=\"1513d9a\" data-element_type=\"widget\" data-e-type=\"widget\" data-widget_type=\"heading.default\">\n\t\t\t\t<div class=\"elementor-widget-container\">\n\t\t\t\t\t<h2 class=\"elementor-heading-title elementor-size-default\">Kommande event<\/h2>\t\t\t\t<\/div>\n\t\t\t\t<\/div>\n\t\t\t\t<div class=\"elementor-element elementor-element-dbe296d elementor-widget elementor-widget-text-editor\" data-id=\"dbe296d\" data-element_type=\"widget\" data-e-type=\"widget\" data-widget_type=\"text-editor.default\">\n\t\t\t\t<div class=\"elementor-widget-container\">\n\t\t\t\t\t\t\t\t\t<p><span style=\"font-size: 14px;\">N\u00e4rmre tid och datum kommer inom kort<\/span><\/p>\t\t\t\t\t\t\t\t<\/div>\n\t\t\t\t<\/div>\n\t\t\t\t<\/div>\n\t\t<div class=\"elementor-element elementor-element-e2911c5 e-con-full e-flex e-con e-child\" data-id=\"e2911c5\" data-element_type=\"container\" data-e-type=\"container\">\n\t\t\t\t<div class=\"elementor-element elementor-element-6d01aca elementor-widget elementor-widget-heading\" data-id=\"6d01aca\" data-element_type=\"widget\" data-e-type=\"widget\" data-widget_type=\"heading.default\">\n\t\t\t\t<div class=\"elementor-widget-container\">\n\t\t\t\t\t<h2 class=\"elementor-heading-title elementor-size-default\">P\u00e5skworkshop<\/h2>\t\t\t\t<\/div>\n\t\t\t\t<\/div>\n\t\t\t\t<div class=\"elementor-element elementor-element-d69044b elementor-widget elementor-widget-text-editor\" data-id=\"d69044b\" data-element_type=\"widget\" data-e-type=\"widget\" data-widget_type=\"text-editor.default\">\n\t\t\t\t<div class=\"elementor-widget-container\">\n\t\t\t\t\t\t\t\t\t<p>En sp\u00e4ckad workshop med \u00f6rtl\u00e4ra, seans, meditation och gl\u00f6dvandring.<\/p><p>Inklusive \u00f6vernattning.<\/p><p>Frukost, lunch och kv\u00e4llsmat ing\u00e5r.<\/p>\t\t\t\t\t\t\t\t<\/div>\n\t\t\t\t<\/div>\n\t\t\t\t<\/div>\n\t\t\t\t\t<\/div>\n\t\t\t\t<\/div>\n\t\t\t\t<\/div>\n\t\t","protected":false},"excerpt":{"rendered":"<p>Kommande Prova-p\u00e5-kurser 2025 F\u00f6r fr\u00e5gor eller bokningar kontakta via telefon eller meddelande p\u00e5 0763-271363, eller Instagram p\u00e5 @frustorm_ 25 Januari Tarotl\u00e4sning kl. 13.00-14:30 Kaffel\u00e4sning kl. 15.00-16:30 300 kr\/kurs eller 500 kr\/b\u00e5da L\u00e4tt fika ing\u00e5r (Obs. Meddela g\u00e4rna allergier). Tarotkurs Intro L\u00e4r dig tarotkortens grunder och tolka l\u00e4ggningar. V\u00e4lkommen in i tarotkortens fantastiska v\u00e4rld! Vi l\u00e4r [&hellip;]<\/p>\n","protected":false},"author":1,"featured_media":0,"parent":0,"menu_order":0,"comment_status":"closed","ping_status":"closed","template":"","meta":{"inline_featured_image":false,"footnotes":""},"class_list":["post-334","page","type-page","status-publish","hentry","entry"],"_links":{"self":[{"href":"https:\/\/frustorm.se\/index.php\/wp-json\/wp\/v2\/pages\/334","targetHints":{"allow":["GET"]}}],"collection":[{"href":"https:\/\/frustorm.se\/index.php\/wp-json\/wp\/v2\/pages"}],"about":[{"href":"https:\/\/frustorm.se\/index.php\/wp-json\/wp\/v2\/types\/page"}],"author":[{"embeddable":true,"href":"https:\/\/frustorm.se\/index.php\/wp-json\/wp\/v2\/users\/1"}],"replies":[{"embeddable":true,"href":"https:\/\/frustorm.se\/index.php\/wp-json\/wp\/v2\/comments?post=334"}],"version-history":[{"count":15,"href":"https:\/\/frustorm.se\/index.php\/wp-json\/wp\/v2\/pages\/334\/revisions"}],"predecessor-version":[{"id":367,"href":"https:\/\/frustorm.se\/index.php\/wp-json\/wp\/v2\/pages\/334\/revisions\/367"}],"wp:attachment":[{"href":"https:\/\/frustorm.se\/index.php\/wp-json\/wp\/v2\/media?parent=334"}],"curies":[{"name":"wp","href":"https:\/\/api.w.org\/{rel}","templated":true}]}}